{"id":44,"date":"2021-10-25T12:29:34","date_gmt":"2021-10-25T10:29:34","guid":{"rendered":"http:\/\/akromegalia.org.pl\/?page_id=44"},"modified":"2021-12-07T10:14:52","modified_gmt":"2021-12-07T09:14:52","slug":"kilka-slow-o-nas","status":"publish","type":"page","link":"http:\/\/akromegalia.org.pl\/?page_id=44","title":{"rendered":"KILKA S\u0141\u00d3W O NAS"},"content":{"rendered":"\n<div style=\"height:100px\" aria-hidden=\"true\" class=\"wp-block-spacer\"><\/div>\n\n\n\n<p>Pomys\u0142odawcami powstania organizacji nios\u0105cej pomoc chorym na akromegali\u0119 byli: prof. Wojciech Zgliczy\u0144ski, dr Piotr Zdunowski i kilku pacjent\u00f3w Szpitala Biela\u0144skiego. Ostateczny kszta\u0142t pomys\u0142 nabra\u0142 11.01.2015 roku. Tego dnia  podczas Zebrania Za\u0142o\u017cycielskiego powo\u0142ano do \u017cycia Stowarzyszenia Chorych z Akromegali\u0105 i Os\u00f3b Wspieraj\u0105cych. Stowarzyszenie zosta\u0142o wpisane do Krajowego Rejestru S\u0105dowego w dn. 12.03.2015r pod nr 0000548142.<\/p>\n\n\n\n<p>O tego czasu wspieramy wysi\u0142ki <a href=\"http:\/\/www.ptendo.org.pl\" target=\"_blank\" rel=\"noreferrer noopener\">Polskiego Towarzystwa Endokrynologicznego<\/a> we wszystkich dzia\u0142aniach, kt\u00f3re s\u0142u\u017c\u0105 upowszechnianiu wiedzy o akromegalii w\u015br\u00f3d spo\u0142ecze\u0144stwa oraz lekarzy.<\/p>\n\n\n\n<p>Pacjentom przekazujemy nasz\u0105 wiedz\u0119 o <a href=\"http:\/\/akromegalia.org.pl\/?page_id=52\">akromegalii<\/a> i sposobach jej leczenia oraz pomagamy im porusza\u0107 si\u0119 w systemie zdrowia.<\/p>\n","protected":false},"excerpt":{"rendered":"<p>Pomys\u0142odawcami powstania organizacji nios\u0105cej pomoc chorym na akromegali\u0119 byli: prof. Wojciech Zgliczy\u0144ski, dr Piotr Zdunowski i kilku pacjent\u00f3w Szpitala Biela\u0144skiego. Ostateczny kszta\u0142t pomys\u0142 nabra\u0142 11.01.2015 roku. Tego dnia podczas Zebrania Za\u0142o\u017cycielskiego powo\u0142ano do \u017cycia Stowarzyszenia Chorych z Akromegali\u0105 i Os\u00f3b [&hellip;]<\/p>\n","protected":false},"author":1,"featured_media":156,"parent":0,"menu_order":0,"comment_status":"closed","ping_status":"closed","template":"","meta":{"_uag_custom_page_level_css":"","footnotes":""},"class_list":["post-44","page","type-page","status-publish","has-post-thumbnail","hentry"],"yoast_head":"<!-- This site is optimized with the Yoast SEO plugin v27.4 - https:\/\/yoast.com\/product\/yoast-seo-wordpress\/ -->\n<title>KILKA S\u0141\u00d3W O NAS -<\/title>\n<meta name=\"description\" content=\"Kilka s\u0142\u00f3w o nas. Pacjentom przekazujemy nasz\u0105 wiedz\u0119 o akromegalii i sposobach jej leczenia.\" \/>\n<meta name=\"robots\" content=\"index, follow, max-snippet:-1, max-image-preview:large, max-video-preview:-1\" \/>\n<link rel=\"canonical\" href=\"http:\/\/akromegalia.org.pl\/?page_id=44\" \/>\n<meta property=\"og:locale\" content=\"pl_PL\" \/>\n<meta property=\"og:type\" content=\"article\" \/>\n<meta property=\"og:title\" content=\"KILKA S\u0141\u00d3W O NAS -\" \/>\n<meta property=\"og:description\" content=\"Kilka s\u0142\u00f3w o nas. Pacjentom przekazujemy nasz\u0105 wiedz\u0119 o akromegalii i sposobach jej leczenia.\" \/>\n<meta property=\"og:url\" content=\"http:\/\/akromegalia.org.pl\/?page_id=44\" \/>\n<meta property=\"article:modified_time\" content=\"2021-12-07T09:14:52+00:00\" \/>\n<meta property=\"og:image\" content=\"http:\/\/akromegalia.org.pl\/wp-content\/uploads\/2021\/12\/akromegalia-gl2.jpg\" \/>\n\t<meta property=\"og:image:width\" content=\"1865\" \/>\n\t<meta property=\"og:image:height\" content=\"650\" \/>\n\t<meta property=\"og:image:type\" content=\"image\/jpeg\" \/>\n<meta name=\"twitter:card\" content=\"summary_large_image\" \/>\n<meta name=\"twitter:label1\" content=\"Szacowany czas czytania\" \/>\n\t<meta name=\"twitter:data1\" content=\"1 minuta\" \/>\n<script type=\"application\/ld+json\" class=\"yoast-schema-graph\">{\"@context\":\"https:\\\/\\\/schema.org\",\"@graph\":[{\"@type\":\"WebPage\",\"@id\":\"http:\\\/\\\/akromegalia.org.pl\\\/?page_id=44\",\"url\":\"http:\\\/\\\/akromegalia.org.pl\\\/?page_id=44\",\"name\":\"KILKA S\u0141\u00d3W O NAS -\",\"isPartOf\":{\"@id\":\"http:\\\/\\\/akromegalia.org.pl\\\/#website\"},\"primaryImageOfPage\":{\"@id\":\"http:\\\/\\\/akromegalia.org.pl\\\/?page_id=44#primaryimage\"},\"image\":{\"@id\":\"http:\\\/\\\/akromegalia.org.pl\\\/?page_id=44#primaryimage\"},\"thumbnailUrl\":\"http:\\\/\\\/akromegalia.org.pl\\\/wp-content\\\/uploads\\\/2021\\\/12\\\/akromegalia-gl2.jpg\",\"datePublished\":\"2021-10-25T10:29:34+00:00\",\"dateModified\":\"2021-12-07T09:14:52+00:00\",\"description\":\"Kilka s\u0142\u00f3w o nas. Pacjentom przekazujemy nasz\u0105 wiedz\u0119 o akromegalii i sposobach jej leczenia.\",\"breadcrumb\":{\"@id\":\"http:\\\/\\\/akromegalia.org.pl\\\/?page_id=44#breadcrumb\"},\"inLanguage\":\"pl-PL\",\"potentialAction\":[{\"@type\":\"ReadAction\",\"target\":[\"http:\\\/\\\/akromegalia.org.pl\\\/?page_id=44\"]}]},{\"@type\":\"ImageObject\",\"inLanguage\":\"pl-PL\",\"@id\":\"http:\\\/\\\/akromegalia.org.pl\\\/?page_id=44#primaryimage\",\"url\":\"http:\\\/\\\/akromegalia.org.pl\\\/wp-content\\\/uploads\\\/2021\\\/12\\\/akromegalia-gl2.jpg\",\"contentUrl\":\"http:\\\/\\\/akromegalia.org.pl\\\/wp-content\\\/uploads\\\/2021\\\/12\\\/akromegalia-gl2.jpg\",\"width\":1865,\"height\":650},{\"@type\":\"BreadcrumbList\",\"@id\":\"http:\\\/\\\/akromegalia.org.pl\\\/?page_id=44#breadcrumb\",\"itemListElement\":[{\"@type\":\"ListItem\",\"position\":1,\"name\":\"Home\",\"item\":\"http:\\\/\\\/akromegalia.org.pl\\\/\"},{\"@type\":\"ListItem\",\"position\":2,\"name\":\"KILKA S\u0141\u00d3W O NAS\"}]},{\"@type\":\"WebSite\",\"@id\":\"http:\\\/\\\/akromegalia.org.pl\\\/#website\",\"url\":\"http:\\\/\\\/akromegalia.org.pl\\\/\",\"name\":\"\",\"description\":\"Stowarzyszenie Chorych z Akromegali\u0105 i Os\u00f3b Wspieraj\u0105cych\",\"potentialAction\":[{\"@type\":\"SearchAction\",\"target\":{\"@type\":\"EntryPoint\",\"urlTemplate\":\"http:\\\/\\\/akromegalia.org.pl\\\/?s={search_term_string}\"},\"query-input\":{\"@type\":\"PropertyValueSpecification\",\"valueRequired\":true,\"valueName\":\"search_term_string\"}}],\"inLanguage\":\"pl-PL\"}]}<\/script>\n<!-- \/ Yoast SEO plugin. -->","yoast_head_json":{"title":"KILKA S\u0141\u00d3W O NAS -","description":"Kilka s\u0142\u00f3w o nas. Pacjentom przekazujemy nasz\u0105 wiedz\u0119 o akromegalii i sposobach jej leczenia.","robots":{"index":"index","follow":"follow","max-snippet":"max-snippet:-1","max-image-preview":"max-image-preview:large","max-video-preview":"max-video-preview:-1"},"canonical":"http:\/\/akromegalia.org.pl\/?page_id=44","og_locale":"pl_PL","og_type":"article","og_title":"KILKA S\u0141\u00d3W O NAS -","og_description":"Kilka s\u0142\u00f3w o nas. Pacjentom przekazujemy nasz\u0105 wiedz\u0119 o akromegalii i sposobach jej leczenia.","og_url":"http:\/\/akromegalia.org.pl\/?page_id=44","article_modified_time":"2021-12-07T09:14:52+00:00","og_image":[{"width":1865,"height":650,"url":"http:\/\/akromegalia.org.pl\/wp-content\/uploads\/2021\/12\/akromegalia-gl2.jpg","type":"image\/jpeg"}],"twitter_card":"summary_large_image","twitter_misc":{"Szacowany czas czytania":"1 minuta"},"schema":{"@context":"https:\/\/schema.org","@graph":[{"@type":"WebPage","@id":"http:\/\/akromegalia.org.pl\/?page_id=44","url":"http:\/\/akromegalia.org.pl\/?page_id=44","name":"KILKA S\u0141\u00d3W O NAS -","isPartOf":{"@id":"http:\/\/akromegalia.org.pl\/#website"},"primaryImageOfPage":{"@id":"http:\/\/akromegalia.org.pl\/?page_id=44#primaryimage"},"image":{"@id":"http:\/\/akromegalia.org.pl\/?page_id=44#primaryimage"},"thumbnailUrl":"http:\/\/akromegalia.org.pl\/wp-content\/uploads\/2021\/12\/akromegalia-gl2.jpg","datePublished":"2021-10-25T10:29:34+00:00","dateModified":"2021-12-07T09:14:52+00:00","description":"Kilka s\u0142\u00f3w o nas. Pacjentom przekazujemy nasz\u0105 wiedz\u0119 o akromegalii i sposobach jej leczenia.","breadcrumb":{"@id":"http:\/\/akromegalia.org.pl\/?page_id=44#breadcrumb"},"inLanguage":"pl-PL","potentialAction":[{"@type":"ReadAction","target":["http:\/\/akromegalia.org.pl\/?page_id=44"]}]},{"@type":"ImageObject","inLanguage":"pl-PL","@id":"http:\/\/akromegalia.org.pl\/?page_id=44#primaryimage","url":"http:\/\/akromegalia.org.pl\/wp-content\/uploads\/2021\/12\/akromegalia-gl2.jpg","contentUrl":"http:\/\/akromegalia.org.pl\/wp-content\/uploads\/2021\/12\/akromegalia-gl2.jpg","width":1865,"height":650},{"@type":"BreadcrumbList","@id":"http:\/\/akromegalia.org.pl\/?page_id=44#breadcrumb","itemListElement":[{"@type":"ListItem","position":1,"name":"Home","item":"http:\/\/akromegalia.org.pl\/"},{"@type":"ListItem","position":2,"name":"KILKA S\u0141\u00d3W O NAS"}]},{"@type":"WebSite","@id":"http:\/\/akromegalia.org.pl\/#website","url":"http:\/\/akromegalia.org.pl\/","name":"","description":"Stowarzyszenie Chorych z Akromegali\u0105 i Os\u00f3b Wspieraj\u0105cych","potentialAction":[{"@type":"SearchAction","target":{"@type":"EntryPoint","urlTemplate":"http:\/\/akromegalia.org.pl\/?s={search_term_string}"},"query-input":{"@type":"PropertyValueSpecification","valueRequired":true,"valueName":"search_term_string"}}],"inLanguage":"pl-PL"}]}},"uagb_featured_image_src":{"full":["http:\/\/akromegalia.org.pl\/wp-content\/uploads\/2021\/12\/akromegalia-gl2.jpg",1865,650,false],"thumbnail":["http:\/\/akromegalia.org.pl\/wp-content\/uploads\/2021\/12\/akromegalia-gl2-150x150.jpg",150,150,true],"medium":["http:\/\/akromegalia.org.pl\/wp-content\/uploads\/2021\/12\/akromegalia-gl2-300x105.jpg",300,105,true],"medium_large":["http:\/\/akromegalia.org.pl\/wp-content\/uploads\/2021\/12\/akromegalia-gl2-768x268.jpg",640,223,true],"large":["http:\/\/akromegalia.org.pl\/wp-content\/uploads\/2021\/12\/akromegalia-gl2-1024x357.jpg",640,223,true],"1536x1536":["http:\/\/akromegalia.org.pl\/wp-content\/uploads\/2021\/12\/akromegalia-gl2-1536x535.jpg",1536,535,true],"2048x2048":["http:\/\/akromegalia.org.pl\/wp-content\/uploads\/2021\/12\/akromegalia-gl2.jpg",1865,650,false],"post-thumbnail":["http:\/\/akromegalia.org.pl\/wp-content\/uploads\/2021\/12\/akromegalia-gl2-500x500.jpg",500,500,true],"bizbell-blog":["http:\/\/akromegalia.org.pl\/wp-content\/uploads\/2021\/12\/akromegalia-gl2-360x270.jpg",360,270,true],"bizbell-gallery":["http:\/\/akromegalia.org.pl\/wp-content\/uploads\/2021\/12\/akromegalia-gl2-500x500.jpg",500,500,true],"bizbell-testimonial":["http:\/\/akromegalia.org.pl\/wp-content\/uploads\/2021\/12\/akromegalia-gl2-320x400.jpg",320,400,true],"bizbell-team":["http:\/\/akromegalia.org.pl\/wp-content\/uploads\/2021\/12\/akromegalia-gl2-250x250.jpg",250,250,true]},"uagb_author_info":{"display_name":"adminanna","author_link":"http:\/\/akromegalia.org.pl\/?author=1"},"uagb_comment_info":0,"uagb_excerpt":"Pomys\u0142odawcami powstania organizacji nios\u0105cej pomoc chorym na akromegali\u0119 byli: prof. Wojciech Zgliczy\u0144ski, dr Piotr Zdunowski i kilku pacjent\u00f3w Szpitala Biela\u0144skiego. Ostateczny kszta\u0142t pomys\u0142 nabra\u0142 11.01.2015 roku. Tego dnia podczas Zebrania Za\u0142o\u017cycielskiego powo\u0142ano do \u017cycia Stowarzyszenia Chorych z Akromegali\u0105 i Os\u00f3b [&hellip;]","_links":{"self":[{"href":"http:\/\/akromegalia.org.pl\/index.php?rest_route=\/wp\/v2\/pages\/44","targetHints":{"allow":["GET"]}}],"collection":[{"href":"http:\/\/akromegalia.org.pl\/index.php?rest_route=\/wp\/v2\/pages"}],"about":[{"href":"http:\/\/akromegalia.org.pl\/index.php?rest_route=\/wp\/v2\/types\/page"}],"author":[{"embeddable":true,"href":"http:\/\/akromegalia.org.pl\/index.php?rest_route=\/wp\/v2\/users\/1"}],"replies":[{"embeddable":true,"href":"http:\/\/akromegalia.org.pl\/index.php?rest_route=%2Fwp%2Fv2%2Fcomments&post=44"}],"version-history":[{"count":4,"href":"http:\/\/akromegalia.org.pl\/index.php?rest_route=\/wp\/v2\/pages\/44\/revisions"}],"predecessor-version":[{"id":171,"href":"http:\/\/akromegalia.org.pl\/index.php?rest_route=\/wp\/v2\/pages\/44\/revisions\/171"}],"wp:featuredmedia":[{"embeddable":true,"href":"http:\/\/akromegalia.org.pl\/index.php?rest_route=\/wp\/v2\/media\/156"}],"wp:attachment":[{"href":"http:\/\/akromegalia.org.pl\/index.php?rest_route=%2Fwp%2Fv2%2Fmedia&parent=44"}],"curies":[{"name":"wp","href":"https:\/\/api.w.org\/{rel}","templated":true}]}}