{"id":60,"date":"2021-10-25T12:33:46","date_gmt":"2021-10-25T10:33:46","guid":{"rendered":"http:\/\/akromegalia.org.pl\/?page_id=60"},"modified":"2021-10-25T12:33:48","modified_gmt":"2021-10-25T10:33:48","slug":"aktualnosci-2","status":"publish","type":"page","link":"http:\/\/akromegalia.org.pl\/?page_id=60","title":{"rendered":"AKTUALNO\u015aCI"},"content":{"rendered":"","protected":false},"excerpt":{"rendered":"","protected":false},"author":1,"featured_media":0,"parent":0,"menu_order":0,"comment_status":"closed","ping_status":"closed","template":"","meta":{"_uag_custom_page_level_css":"","footnotes":""},"class_list":["post-60","page","type-page","status-publish","hentry"],"yoast_head":"<!-- This site is optimized with the Yoast SEO plugin v27.4 - https:\/\/yoast.com\/product\/yoast-seo-wordpress\/ -->\n<title>AKTUALNO\u015aCI -<\/title>\n<meta name=\"robots\" content=\"index, follow, max-snippet:-1, max-image-preview:large, max-video-preview:-1\" \/>\n<link rel=\"canonical\" href=\"https:\/\/akromegalia.org.pl\/?page_id=60\" \/>\n<meta property=\"og:locale\" content=\"pl_PL\" \/>\n<meta property=\"og:type\" content=\"article\" \/>\n<meta property=\"og:title\" content=\"AKTUALNO\u015aCI -\" \/>\n<meta property=\"og:url\" content=\"https:\/\/akromegalia.org.pl\/?page_id=60\" \/>\n<meta property=\"article:modified_time\" content=\"2021-10-25T10:33:48+00:00\" \/>\n<meta name=\"twitter:card\" content=\"summary_large_image\" \/>\n<script type=\"application\/ld+json\" class=\"yoast-schema-graph\">{\"@context\":\"https:\\\/\\\/schema.org\",\"@graph\":[{\"@type\":\"WebPage\",\"@id\":\"https:\\\/\\\/akromegalia.org.pl\\\/?page_id=60\",\"url\":\"https:\\\/\\\/akromegalia.org.pl\\\/?page_id=60\",\"name\":\"AKTUALNO\u015aCI -\",\"isPartOf\":{\"@id\":\"http:\\\/\\\/akromegalia.org.pl\\\/#website\"},\"datePublished\":\"2021-10-25T10:33:46+00:00\",\"dateModified\":\"2021-10-25T10:33:48+00:00\",\"breadcrumb\":{\"@id\":\"https:\\\/\\\/akromegalia.org.pl\\\/?page_id=60#breadcrumb\"},\"inLanguage\":\"pl-PL\",\"potentialAction\":[{\"@type\":\"ReadAction\",\"target\":[\"https:\\\/\\\/akromegalia.org.pl\\\/?page_id=60\"]}]},{\"@type\":\"BreadcrumbList\",\"@id\":\"https:\\\/\\\/akromegalia.org.pl\\\/?page_id=60#breadcrumb\",\"itemListElement\":[{\"@type\":\"ListItem\",\"position\":1,\"name\":\"Home\",\"item\":\"http:\\\/\\\/akromegalia.org.pl\\\/\"},{\"@type\":\"ListItem\",\"position\":2,\"name\":\"AKTUALNO\u015aCI\"}]},{\"@type\":\"WebSite\",\"@id\":\"http:\\\/\\\/akromegalia.org.pl\\\/#website\",\"url\":\"http:\\\/\\\/akromegalia.org.pl\\\/\",\"name\":\"\",\"description\":\"Stowarzyszenie Chorych z Akromegali\u0105 i Os\u00f3b Wspieraj\u0105cych\",\"potentialAction\":[{\"@type\":\"SearchAction\",\"target\":{\"@type\":\"EntryPoint\",\"urlTemplate\":\"http:\\\/\\\/akromegalia.org.pl\\\/?s={search_term_string}\"},\"query-input\":{\"@type\":\"PropertyValueSpecification\",\"valueRequired\":true,\"valueName\":\"search_term_string\"}}],\"inLanguage\":\"pl-PL\"}]}<\/script>\n<!-- \/ Yoast SEO plugin. -->","yoast_head_json":{"title":"AKTUALNO\u015aCI -","robots":{"index":"index","follow":"follow","max-snippet":"max-snippet:-1","max-image-preview":"max-image-preview:large","max-video-preview":"max-video-preview:-1"},"canonical":"https:\/\/akromegalia.org.pl\/?page_id=60","og_locale":"pl_PL","og_type":"article","og_title":"AKTUALNO\u015aCI -","og_url":"https:\/\/akromegalia.org.pl\/?page_id=60","article_modified_time":"2021-10-25T10:33:48+00:00","twitter_card":"summary_large_image","schema":{"@context":"https:\/\/schema.org","@graph":[{"@type":"WebPage","@id":"https:\/\/akromegalia.org.pl\/?page_id=60","url":"https:\/\/akromegalia.org.pl\/?page_id=60","name":"AKTUALNO\u015aCI -","isPartOf":{"@id":"http:\/\/akromegalia.org.pl\/#website"},"datePublished":"2021-10-25T10:33:46+00:00","dateModified":"2021-10-25T10:33:48+00:00","breadcrumb":{"@id":"https:\/\/akromegalia.org.pl\/?page_id=60#breadcrumb"},"inLanguage":"pl-PL","potentialAction":[{"@type":"ReadAction","target":["https:\/\/akromegalia.org.pl\/?page_id=60"]}]},{"@type":"BreadcrumbList","@id":"https:\/\/akromegalia.org.pl\/?page_id=60#breadcrumb","itemListElement":[{"@type":"ListItem","position":1,"name":"Home","item":"http:\/\/akromegalia.org.pl\/"},{"@type":"ListItem","position":2,"name":"AKTUALNO\u015aCI"}]},{"@type":"WebSite","@id":"http:\/\/akromegalia.org.pl\/#website","url":"http:\/\/akromegalia.org.pl\/","name":"","description":"Stowarzyszenie Chorych z Akromegali\u0105 i Os\u00f3b Wspieraj\u0105cych","potentialAction":[{"@type":"SearchAction","target":{"@type":"EntryPoint","urlTemplate":"http:\/\/akromegalia.org.pl\/?s={search_term_string}"},"query-input":{"@type":"PropertyValueSpecification","valueRequired":true,"valueName":"search_term_string"}}],"inLanguage":"pl-PL"}]}},"uagb_featured_image_src":{"full":false,"thumbnail":false,"medium":false,"medium_large":false,"large":false,"1536x1536":false,"2048x2048":false,"post-thumbnail":false,"bizbell-blog":false,"bizbell-gallery":false,"bizbell-testimonial":false,"bizbell-team":false},"uagb_author_info":{"display_name":"adminanna","author_link":"http:\/\/akromegalia.org.pl\/?author=1"},"uagb_comment_info":0,"uagb_excerpt":null,"_links":{"self":[{"href":"http:\/\/akromegalia.org.pl\/index.php?rest_route=\/wp\/v2\/pages\/60","targetHints":{"allow":["GET"]}}],"collection":[{"href":"http:\/\/akromegalia.org.pl\/index.php?rest_route=\/wp\/v2\/pages"}],"about":[{"href":"http:\/\/akromegalia.org.pl\/index.php?rest_route=\/wp\/v2\/types\/page"}],"author":[{"embeddable":true,"href":"http:\/\/akromegalia.org.pl\/index.php?rest_route=\/wp\/v2\/users\/1"}],"replies":[{"embeddable":true,"href":"http:\/\/akromegalia.org.pl\/index.php?rest_route=%2Fwp%2Fv2%2Fcomments&post=60"}],"version-history":[{"count":1,"href":"http:\/\/akromegalia.org.pl\/index.php?rest_route=\/wp\/v2\/pages\/60\/revisions"}],"predecessor-version":[{"id":61,"href":"http:\/\/akromegalia.org.pl\/index.php?rest_route=\/wp\/v2\/pages\/60\/revisions\/61"}],"wp:attachment":[{"href":"http:\/\/akromegalia.org.pl\/index.php?rest_route=%2Fwp%2Fv2%2Fmedia&parent=60"}],"curies":[{"name":"wp","href":"https:\/\/api.w.org\/{rel}","templated":true}]}}